98 + 4?
79c
In base 9, what is -103 + -1?
-104
In base 8, what is -20 + 25?
5
In base 14, what is -6b5 + 1?
-6b4
In base 10, what is -379 + -35?
-414
In base 5, what is 2 - -22003?
22010
In base 6, what is 2 - -1031?
1033
In base 15, what is 5 - -2e?
34
In base 16, what is 29f - 6?
299
In base 10, what is 43 + 1?
44
In base 10, what is -85 + 4?
-81
In base 6, what is -4 + 3525?
3521
In base 2, what is -101 + -11111000?
-11111101
In base 16, what is -26bf + 3?
-26bc
In base 6, what is -24 + 4?
-20
In base 3, what is 20010022 - 0?
20010022
In base 4, what is -132 - -1001?
203
In base 13, what is -3 - -15?
12
In base 2, what is 1111 - 1101?
10
In base 6, what is 243 + -4?
235
In base 15, what is 4e - 0?
4e
In base 12, what is -75 + 5?
-70
In base 15, what is -14 - 26?
-3a
In base 2, what is -10001 - -11101100?
11011011
In base 14, what is 16 + -b?
9
In base 7, what is -41 + -10?
-51
In base 3, what is 1 - 112201?
-112200
In base 16, what is -1 - 9c?
-9d
In base 12, what is 0 + -84?
-84
In base 5, what is 4 + 14444?
20003
In base 12, what is -73 + a3?
30
In base 15, what is -3 + 75?
72
In base 16, what is -9c8 + -2?
-9ca
In base 13, what is 10 + 1c?
2c
In base 2, what is -101 - 100011100?
-100100001
In base 11, what is -4 - 54?
-58
In base 10, what is 5 - 30?
-25
In base 11, what is -4a - 10?
-5a
In base 11, what is -2490 + -5?
-2495
In base 11, what is 2 + -19?
-17
In base 6, what is -42 - 3204?
-3250
In base 16, what is -c + -c?
-18
In base 8, what is 3 - -32?
35
In base 2, what is 101 - -101011?
110000
In base 5, what is -1 - 4?
-10
In base 13, what is 12c98 + 5?
12ca0
In base 6, what is 150 - 411?
-221
In base 7, what is 423 + -3?
420
In base 16, what is -18d - 4?
-191
In base 9, what is -6 - -78?
72
In base 16, what is 213 + -18?
1fb
In base 15, what is 31 - 0?
31
In base 13, what is 6 + 136?
13c
In base 12, what is 2252 + 4?
2256
In base 4, what is 1 + 112?
113
In base 11, what is -943 - -5?
-939
In base 11, what is 11a7 - 6?
11a1
In base 10, what is 1 - 384?
-383
In base 10, what is 5 + -26?
-21
In base 7, what is 3 - -22?
25
In base 6, what is 3 - 312?
-305
In base 5, what is 44201 + -2?
44144
In base 16, what is 3c5 + -6?
3bf
In base 16, what is -2188 - 2?
-218a
In base 8, what is 5 - 551?
-544
In base 9, what is 1 + 84?
85
In base 2, what is 10011 + 10110110001?
10111000100
In base 4, what is 222 - 10031?
-3203
In base 11, what is -2 + 859?
857
In base 6, what is 252 - -20?
312
In base 2, what is 1011 + 11000?
100011
In base 2, what is 110111000 + -100?
110110100
In base 16, what is 6 - 25?
-1f
In base 2, what is -10001 - -11101101?
11011100
In base 4, what is 310 - 131?
113
In base 5, what is 123 - -10?
133
In base 14, what is -5 - 9bb?
-9c2
In base 10, what is 19 + -400?
-381
In base 8, what is -5 + 1055?
1050
In base 14, what is -272 - -10?
-262
In base 3, what is 102102221 + -1?
102102220
In base 4, what is 2 + 11?
13
In base 5, what is 40 - -400?
440
In base 6, what is -10403 - -5?
-10354
In base 9, what is -1 + 501?
500
In base 7, what is -2314 + 12?
-2302
In base 11, what is 517 + -1?
516
In base 11, what is 5 + 159?
163
In base 7, what is 45 + -4?
41
In base 12, what is 1 + -16?
-15
In base 11, what is -264 - 0?
-264
In base 14, what is -38 - -4?
-34
In base 6, what is -4 - 2451?
-2455
In base 2, what is -1001010111 + -1?
-1001011000
In base 5, what is -3421 - 3?
-3424
In base 14, what is -2 - 12b?
-12d
In base 14, what is 70d - -5?
714
In base 6, what is 3245 + 5?
3254
In base 12, what is 6 - 529?
-523
In base 6, what is 4 + -5?
-1
In base 13, what is -3a + 1?
-39
In base 13, what is -281c - -1?
-281b
In base 4, what is -2121 - 1?
-2122
In base 2, what is -100 - 11110010000?
-11110010100
In base 16, what is -13c - 6?
-142
In base 14, what is 14 - 191?
-17b
In base 15, what is e35 + -1?
e34
In base 4, what is 22 + -3110?
-3022
In base 10, what is -4 - 58?
-62
In base 3, what is 111120 + 1?
111121
In base 6, what is 4030 + -4?
4022
In base 14, what is 1 - 64?
-63
In base 13, what is -c28 - -3?
-c25
In base 6, what is 151 + 21?
212
In base 11, what is 192 - -2?
194
In base 15, what is -1cc + 2?
-1ca
In base 5, what is 2 - -13221?
13223
In base 11, what is 14 - -1a?
33
In base 13, what is 97 - 1?
96
In base 16, what is -2 + 9d?
9b
In base 12, what is 15 - -260?
275
In base 2, what is -11 + -101010101?
-101011000
In base 11, what is 250 + a?
25a
In base 11, what is -9 + 49?
40
In base 5, what is -4 + 44041?
44032
In base 13, what is -2 - -32?
30
In base 11, what is -5 + -557?
-561
In base 9, what is -1 + 371?
370
In base 8, what is 560 + -2?
556
In base 13, what is -12 - 8a?
-9c
In base 16, what is -c6 - -4?
-c2
In base 11, what is -2 + 987?
985
In base 7, what is -12 - -1?
-11
In base 2, what is -101 - -1000011101?
1000011000
In base 5, what is -22 + -14?
-41
In base 13, what is 35c8 - 0?
35c8
In base 4, what is 22213 - 2?
22211
In base 5, what is -4 + -12104?
-12113
In base 9, what is 3416 + 2?
3418
In base 15, what is cce + a?
cd9
In base 7, what is 1560 - -5?
1565
In base 14, what is -27 + -25?
-4c
In base 9, what is -36 - -81?
44
In base 8, what is 116 - 2?
114
In base 5, what is -4 + 203?
144
In base 3, what is 21011 + 2?
21020
In base 8, what is -114 - -4?
-110
In base 5, what is 4 + 2?
11
In base 6, what is -2 - -421?
415
In base 14, what is 3 - -5c?
61
In base 6, what is -1055 + 0?
-1055
In base 9, what is 6 + 108?
115
In base 16, what is 7b - -9?
84
In base 12, what is -45 + aa?
65
In base 15, what is 9 - -e?
18
In base 15, what is -44 + -2?
-46
In base 12, what is 12 + 15?
27
In base 11, what is 6215 + -2?
6213
In base 14, what is -5a4 + 4?
-5a0
In base 7, what is 1 + 401?
402
In base 7, what is -5 - -603?
565
In base 10, what is 2 + 301?
303
In base 6, what is -2 - 24114?
-24120
In base 6, what is -1443 + -5?
-1452
In base 13, what is 2 + c9?
cb
In base 11, what is -12 + 4a7?
495
In base 14, what is -9 - 185?
-190
In base 11, what is -513 + 0?
-513
In base 10, what is 5 - -79?
84
In base 4, what is 32313 - -1?
32320
In base 11, what is 599 + -3?
596
In base 6, what is 31424 - 3?
31421
In base 14, what is -38 + 4?
-34
In base 3, what is 120 + 121?
1011
In base 9, what is -15 - -116?
101
In base 12, what is -1 - -1a47?
1a46
In base 2, what is 1000000000 - 101?
111111011
In base 9, what is 0 + 3286?
3286
In base 14, what is 4 + -59d?
-599
In base 8, what is -176 + -7?
-205
In base 11, what is 42 - -57?
99
In base 12, what is 374 - -2?
376
In base 5, what is -3400 - 23?
-3423
In base 15, what is 11 + 62?
73
In base 7, what is 3 - -4014?
4020
In base 14, what is 0 + 1533?
1533
In base 14, what is 4 - 1a?
-16
In base 15, what is -37 + 34?
-3
In base 3, what is 1 + -10012?
-10011
In base 16, what is 3 + -12?
-f
In base 14, what is 4 - 487?
-483
In base 15, what is -8 - -cc?
c4
In base 8, what is -1 + -67?
-70
In base 6, what is -543 + -22?
-1005
In base 3, what is -12 + 11?
-1
In base 7, what is -5250 - 3?
-5253
In base 6, what is -10125 - 0?
-10125
In base 8, what is -3 + -7?
-12
In base 14, what is -a - -2d?
23
In base 5, what is -100302 - 4?
-100311
In base 7, what is -3304 - 1?
-3305
In base 6, what is -5415 + 1?
-5414
In base 15, what is -b5d + -3?
-b61
In base 16, what is 2 + 0?
2
In base 5, what is -2 + 244?
242
In base 7, what is -6 + 41?
32
In base 7, what is 62634 - -2?
62636
In base 3, what is -120 - -11122?
11002
In base 14, what is 66 - 1?
65
In base 13, what is -6 - -17?
11
In base 7, what is 360 - 0?
360
In base 5, what is -4 + 3440?
3431
In base 2, what is -101000010101 - -1?
-101000010100
In base 4, what is 10303 - 333?
3310
In base 16, what is -5 + 7f?
7a
In base 7, what is 5 - 5261?
-5253
In base 16, what is -1 + -63?
-64
In base 13, what is -22 - 6?
-28
In base 15, what is -4 - 936?
-93a
In base 13, what is 3c - -3?
42
In base 6, what is -122 - -14?
-104
In base 8, what is -2735 + -15?
-2752
In base 7, what is 536 - -6?
545
In base 14, what is -1 + 469?
468
In base 12, what is -5 - a13?
-a18
In base 12, what is b - 1?
a
In base 7, what is 5 - -652?
660
In base 3, what is -111102 - 0?
-111102
In base 12, what is 6 + 39?
43
In base 16, what is 11 - -3?
14
In base 16, what is 3 + -468?
-465
In base 16, what is -2e - 15?
-43
In base 11, what is -1792 - 5?
-1797
In base 3, what is -1010102 + 0?
-1010102
In ba